 f(n) = 579*n - 9255. Determine f(16).
9
Let u(d) = 2*d**3 + 50*d**2 - 54*d - 1359. Give u(-25).
-9
Let c(b) = 49*b**2 - 4404*b + 264. What is c(90)?
804
Let w(p) = -2*p**3 - 159*p**2 - 75*p + 337. Determine w(-79).
21
Let s(i) = -i**3 + 21*i**2 - 101*i + 358. What is s(17)?
-203
Let w(y) = 159*y**2 - 1447*y + 3250. What is w(5)?
-10
Let s(m) = 2904*m**3 + 3909*m + 3909. Give s(-1).
-2904
Let b(j) = j**3 + 8*j**2 + 429*j + 7213. Calculate b(-14).
31
Let s(x) = -49*x**2 - 2746*x - 5893. Determine s(-54).
-493
Let u(y) = 3*y**3 + 1213*y**2 + 30915*y + 414. Give u(-377).
37
Let n(c) = -2*c**2 - 96*c - 568. Give n(-40).
72
Let r(k) = 2*k**3 - 9*k**2 - 5350*k + 214. Calculate r(54).
-2
Let j(b) = 3*b**3 - 21*b**2 - 1003*b - 47. Calculate j(22).
-333
Let y(h) = 17727*h + 443236. Determine y(-25).
61
Let v(y) = -687*y - 35183. Give v(-49).
-1520
Let r(s) = -121*s - 11553. What is r(-85)?
-1268
Let b(a) = -767221*a - 1534439. Calculate b(-2).
3
Let d(i) = -448*i - 47286. What is d(-104)?
-694
Let b(d) = -2*d**2 - 152*d + 40903. What is b(110)?
-17
Let w(k) = 634*k - 402592. Calculate w(635).
-2
Let u(d) = -d**3 + 126*d**2 - 633*d + 3231. Give u(121).
-157
Let k(n) = -2*n**2 - 651*n - 39205. What is k(-246)?
-91
Let v(o) = 149*o**2 + 62191*o + 24180. Determine v(-417).
-6
Let r(f) = -15*f**3 + 112*f**2 - 91*f - 12. Give r(5).
458
Let s(q) = -14*q**2 - 230*q - 69. What is s(-12)?
675
Let y(l) = l**3 + 150*l**2 - 236*l - 35481. Determine y(-150).
-81
Let z(g) = -327*g**2 - 22871*g + 220. Determine z(-70).
-1110
Let i(h) = 16*h**3 + 130*h**2 + 243*h + 5. Calculate i(-3).
14
Let h(w) = w**3 + 313*w**2 - 8085*w - 46. Give h(24).
26
Let z(b) = b**2 - 129*b - 3991. Give z(151).
-669
Let c(r) = 13428*r + 13431. Determine c(-1).
3
Let f(z) = 90930*z - 818355. Determine f(9).
15
Let k(h) = 33870*h - 101741. Calculate k(3).
-131
Let b(l) = l**3 - 154*l**2 - 3152*l + 443033. What is b(156)?
-7
Let k(q) = -35*q**2 - 8312*q - 40679. Calculate k(-5).
6
Let z(g) = 10963*g + 701567. Determine z(-64).
-65
Let l(w) = 5880*w**2 + 117527*w - 1460. Give l(-20).
0
Let v(z) = z**2 - 1711*z - 52242. Give v(-30).
-12
Let f(r) = -2*r**3 - 229*r**2 - 12*r + 11541. What is f(-114)?
-87
Let o(c) = -359*c + 34447. What is o(96)?
-17
Let k(i) = -i**3 + 23*i**2 + 515*i - 3. What is k(-14)?
39
Let v(j) = 16*j**3 - 619*j**2 + 4170*j - 3. What is v(30)?
-3
Let b(s) = -131269*s + 15489741. What is b(118)?
-1
Let v(f) = -6*f**3 - 4*f**2 + 1269*f + 3831. What is v(-3)?
150
Let x(a) = -a**3 + 22*a**2 + 32*a + 125. What is x(24)?
-259
Let r(i) = -679*i + 107147. What is r(157)?
544
Let z(t) = 3250*t**2 - 35740*t - 112. What is z(11)?
-2
Let n(s) = 84*s**2 + 107*s - 757. Determine n(8).
5475
Let l(s) = 5*s**3 + 2555*s**2 + 2550*s - 89. Give l(-510).
-89
Let h(s) = -202*s + 471. Calculate h(4).
-337
Let o(j) = j**3 - 10*j**2 - 2429*j + 24290. What is o(10)?
0
Let z(y) = -366*y**2 - 11*y - 1. Give z(-1).
-356
Let l(m) = -8*m**2 - 133*m + 809. Give l(6).
-277
Let l(x) = 56*x - 2184. Give l(44).
280
Let m(z) = 17*z**2 - 7522*z - 76913. Give m(-10).
7
Let m(a) = 738*a - 150815. Calculate m(204).
-263
Let i(t) = -17792*t + 2028312. What is i(114)?
24
Let r(s) = 2258*s - 3194. Give r(1).
-936
Let x(s) = -s**3 - 26*s**2 + 276*s + 7853. Determine x(-24).
77
Let r(p) = -56*p**2 + 1536*p - 4103. Give r(3).
1
Let c(n) = 42095*n - 84179. What is c(2)?
11
Let i(m) = -m**3 - 71*m**2 + 1032*m + 573. Determine i(13).
-207
Let p(d) = 5928*d + 729151. Give p(-123).
7
Let h(r) = -4*r**3 + 584*r**2 + 1217*r - 789. Determine h(148).
4095
Let l(c) = c**2 + 34*c - 492. Give l(-32).
-556
Let r(g) = 1610528*g - 8052640. Determine r(5).
0
Let v(u) = 2*u**3 + 4*u**2 + 442*u - 3525. Calculate v(7).
451
Let l(q) = 3*q**2 - 929*q - 102540. Calculate l(396).
24
Let h(j) = -j**3 - 742*j**2 - 15834*j + 156. What is h(-22)?
24
Let x(o) = 114227*o + 1941863. Determine x(-17).
4
Let t(d) = -9*d**3 - 75*d**2 - 39*d + 9. Give t(-8).
129
Let m(l) = -187*l**2 - 50*l + 92. Calculate m(2).
-756
Let b(j) = 2*j**3 - 24*j**2 - 420*j + 4229. What is b(17)?
-21
Let k(n) = -3*n**3 - 592*n**2 - 27286*n - 746. What is k(-124)?
-2
Let k(z) = -253*z + 28228. Determine k(102).
2422
Let r(l) = -l**2 + 328*l + 2274. Calculate r(-7).
-71
Let a(d) = -d**2 + 10*d - 37. Give a(5).
-12
Let q(a) = 56*a**2 + 2254*a + 556. What is q(-40)?
-4
Let j(u) = -469*u + 3035. Give j(8).
-717
Let s(j) = -3*j**3 - 592*j**2 - 17026*j + 666. What is s(-35)?
1
Let s(b) = 2946*b + 26484. Determine s(-9).
-30
Let l(w) = 114*w**2 - 614*w - 743. Calculate l(-1).
-15
Let k(t) = -t**2 - 339*t + 19492. Determine k(50).
42
Let v(k) = -2*k**3 - 2*k**2 - 3237*k + 12974. Give v(4).
-134
Let n(i) = 42*i**2 - 881*i + 10634. What is n(12)?
6110
Let q(b) = b**2 + 194*b + 714. Give q(-207).
3405
Let l(p) = -p**3 + 58*p**2 + 543*p - 894. Give l(66).
96
Let r(i) = 3*i**3 - 912*i**2 + 41594*i + 17363. What is r(248)?
3
Let w(p) = -1013*p + 1328. What is w(3)?
-1711
Let y(l) = -l**3 - 26*l**2 + 4*l + 66. Determine y(-20).
-2414
Let t(z) = 10426*z - 1928815. Give t(185).
-5
Let z(p) = -182432*p - 2918935. Calculate z(-16).
-23
Let l(a) = -11848*a - 592403. Give l(-50).
-3
Let b(n) = -5*n**2 - 140*n + 788. What is b(-36)?
-652
Let s(g) = -g**3 - 105*g**2 + 205*g - 955. Determine s(-107).
8
Let d(b) = -16*b**2 - 70*b - 17. Determine d(4).
-553
Let x(i) = 5951115*i - 53560047. What is x(9)?
-12
Let c(z) = z**3 + 24*z**2 + 76*z + 61. Calculate c(-21).
-212
Let d(x) = -x**3 + 13*x**2 + 909*x - 11388. Calculate d(13).
429
Let d(k) = -k**3 + k**2 + 244*k - 19. What is d(-16)?
429
Let m(h) = -2*h**3 - 125*h**2 + 117*h + 37039. Give m(-58).
-23
Let a(i) = -22*i**2 - 39*i + 553. Give a(-6).
-5
Let v(d) = d**3 + 18*d**2 - 31*d - 149. What is v(-21)?
-821
Let q(o) = o**2 - 55*o + 169. Calculate q(4).
-35
Let x(m) = 18*m - 2660. Determine x(109).
-698
Let n(c) = 101580*c + 609479. Give n(-6).
-1
Let t(g) = -231*g + 326. Determine t(5).
-829
Let z(j) = -2*j**3 + 1090*j**2 - 81900*j + 11. Determine z(455).
11
Let b(r) = r**3 + 76*r**2 + 68*r + 2531. Determine b(-76).
-2637
Let y(o) = -223*o - 30712. What is y(-136)?
-384
Let g(x) = -2*x**3 - 202*x**2 + 1593*x + 8835. Calculate g(-108).
87
Let u(r) = -1315*r + 23447. Give u(18).
-223
Let d(s) = s**2 + 80*s - 3623. What is d(32)?
-39
Let l(v) = -660181*v - 7261996. Determine l(-11).
-5
Let g(p) = -4*p**3 - 99*p**2 + 54*p + 305. Give g(-25).
-420
Let r(t) = -3*t**2 - 248*t + 2118. What is r(-83)?
2035
Let d(g) = 84210*g + 84189. Determine d(-1).
-21
Let w(b) = 5*b**3 - 588*b**2 - 237*b + 122. What is w(118)?
4
Let k(b) = -166*b + 25283. What is k(153)?
-115
Let o(s) = 166*s**3 - 29713*s**2 - 180*s + 179. Calculate o(179).
0
Let x(p) = 3268*p - 506538. What is x(155)?
2
Let x(m) = -m**3 + 2*m**2 + 894*m + 9100. Determine x(-10).
1360
Let a(l) = -7492*l + 45170. Calculate a(6).
218
Let r(u) = 413*u**2 - 52465*u + 1775. Determine r(127).
-3
Let s(v) = -1366*v - 9678. Give s(-7).
-116
Let k(f) = 11*f**3 - 1101*f**2 - 1031*f + 1360. Determine k(101).
-761
Let p(h) = h**3 - 2*h - 1859. Determine p(0).
-1859
Let r(n) = n**3 - 30*n**2 + 116*n - 439. Determine r(26).
-127
Let m(o) = -25785*o + 1547109. What is m(60)?
9
Let t(m) = 16*m**2 + 157*m - 872. Determine t(4).
12
Let k(f) = 67*f - 5699. Determine k(42).
-2885
Let f(u) = -u**3 - 12*u**2 - 291*u - 2374. What is f(-9)?
2
Let l(k) = -k**3 - 89*k**2 - 1423*k + 174. Determine l(-21).
69
Let x(s) = -5*s**2 + 164*s - 1710. Calculate x(11).
-511
Let o(b) = 55699*b - 222823. What is o(4)?
-27
Let s(y) = -4*y**3 - 38*y**2 - 135*y - 28. Give s(-7).
427
Let w(u) = -u**3 + 30*u**2 - 244*u + 577. Give w(5).
-18
Let i(p) = p**2 - 449*p - 1355. What is i(-3)?
1
Let z(o) = -o**2 + 99282*o + 198560. Determine z(-2).
-8
Let b(n) = 8184*n - 924787. Calculate b(113).
5
Let g(z) = 954*z - 11866. Determine g(13).
536
Let d(i) = 32423*i - 194583. Determine d(6).
-45
Let t(w) = -w**2 + 438*w - 40548. What is t(306)?
-156
Let g(j) = -j**2 + 1207*j - 17119. Give g(14).
-417
Let r(q) = 220*q - 15357. Determine r(60).
-2157
Let m(k) = 2*k**3 - 69*k**2 - 351*k - 16321. Determine m(43).
19
Let z(n) = -249*n + 9160. Calculate z(10).
6670
Let f(k) = 3*k**3 + 182*k**2 + 471*k + 397. What is f(-58)?
-9
Let a(j) = j**3 + 102*j**2 + 53*j + 5